. Let c = r + 196. What is the hundreds digit of c?
6
Let a = 2574 + 2931. What is the units digit of a?
5
Let g = 5323 + -3203. Let v = g - 552. What is the hundreds digit of v?
5
Let k = -268 - -270. Suppose 0 = -5*c - w + 6325, -k*c + 2517 = 6*w - 3*w. What is the tens digit of c?
6
Let q(p) = 3*p + 102. Let i be q(-34). Suppose 5*r = 2*h - i*r - 255, -135 = -h + 4*r. What is the tens digit of h?
1
Suppose 213053*r - 213013*r = 1481280. What is the hundreds digit of r?
0
Suppose 2*q + q - 12 = 0. Suppose -5*r = 4*o - 45, -q*r = -0*r + o - 25. Suppose 84 = m + 2*y, 2*m + r*y - 162 = 3*y. What is the units digit of m?
8
Let j(g) = -87*g. Let y be j(4). Let s = y - -1228. What is the tens digit of s?
8
What is the units digit of 6/(-28) + (-564348)/(-168)?
9
Let t be (-221)/4*(-7)/(49/28). Let a = 606 - t. What is the hundreds digit of a?
3
Let h(o) = 110*o**2 + 1009*o - 58. What is the hundreds digit of h(-32)?
2
Let m = 302 + -230. Let c be (-8)/(-68) + 15460/85. Suppose -3*t - 4*i = -202 + m, -c = -4*t - i. What is the units digit of t?
6
Let s = 27 + -23. Suppose s*r - 713 = -5*k, 3*k + 373 = 2*r - 0*k. What is the units digit of r?
2
Let p = -12716 + 26809. What is the hundreds digit of p?
0
Let c(m) = -399*m - 255. What is the units digit of c(-25)?
0
What is the thousands digit of (-56)/10 - (-182)/(-455) - -16908?
6
Let v = -12272 + 20701. What is the tens digit of v?
2
Suppose 4*l = f + 27, -6*l - f = -l - 27. Suppose 5*v - l = -n + 78, -2*n + 3*v = -168. Let k = 90 - n. What is the units digit of k?
6
Let r(f) = -9*f - 75. Let n be r(-8). What is the units digit of 92 - (3 - (3 - n))?
5
Suppose 0*p + 5*p - 5249 = -z, -2104 = -2*p + 4*z. What is the hundreds digit of (24/28)/(3/p)?
3
Let y(w) = 8626*w**2 - 601*w - 602. What is the thousands digit of y(-1)?
8
Let v(j) = -199*j**3 - 3*j. Let p be 36/(-14) - 256/(-448). What is the hundreds digit of v(p)?
5
Let h = -116 + 247. Let u = h - 87. Suppose 0 = u*d - 45*d + 126. What is the hundreds digit of d?
1
Let b = 1664 - -2999. What is the tens digit of b?
6
Let c be (-1)/2*395*(-12)/15. Suppose -5*n + c + 536 = p, -3330 = -5*p + 3*n. What is the units digit of p?
9
Suppose 2*t - 290 = -932. Let k = t - -225. Let s = k + 147. What is the tens digit of s?
5
Let v(y) = 343*y**3 + 2*y**2 - 6*y + 3. Let z be v(1). Suppose 696 = -0*s - 3*s. Let f = s + z. What is the tens digit of f?
1
Let k(h) = 16*h**2 + 13*h + 41. Let u be k(-7). Let m = u - 132. What is the hundreds digit of m?
6
Let x(s) = 252*s + 271. What is the tens digit of x(-1)?
1
What is the tens digit of (-6)/(-18)*(33794 - -13)?
6
Let u(b) = -b**3 - 38*b**2 - 39*b - 89. Let t be u(-37). Let o(i) = -i**3 - 12*i**2 + 11*i + 21. What is the units digit of o(t)?
1
Let m(a) = 2*a**2 - 4*a + 6. Let p be m(2). Suppose p*n = 8*n - 20. Suppose 16 = -8*j + n*j. What is the units digit of j?
8
Let n(q) = q**3 + 11*q**2 - 78*q + 35. Let w be n(-16). Suppose w*o = -15, -2*m + 3*o - 2*o + 889 = 0. What is the tens digit of m?
4
Suppose -3*a + 3 = 2*z - 13, 0 = 3*z + 4*a - 22. Suppose 2*v - 1232 = 2*q, 1436 + 1028 = 4*v + z*q. What is the units digit of v?
6
Let j(q) = -2*q + 26. Let p be j(12). Suppose 3*f + 2*a - 76 = 0, -f - 4*a = -p*a - 28. What is the tens digit of ((-372)/f)/((-2)/4)?
3
Suppose 15 = 3*f, -2*y - 365 = 2*f - 3601. What is the hundreds digit of y?
6
Let w(k) = -k - 61. Let j(v) = v + 30. Let x(d) = -11*j(d) - 6*w(d). What is the tens digit of x(0)?
3
Suppose -85748 = -11*h - 14578. What is the tens digit of h?
7
Suppose -303841 = 210*f - 4916491. What is the ten thousands digit of f?
2
What is the units digit of (-190865)/(-10) - (-30)/20?
8
Suppose -2*a + 3*a = -3*h + 359, 3*h = -10*a + 3536. What is the hundreds digit of a?
3
Let p = -3567 + 7858. What is the thousands digit of p?
4
Let m = 295 - 295. Suppose 11*r + 9*r - 9920 = m. What is the units digit of r?
6
Let p = -628 - -627. Let b(s) = -245*s - 15. What is the units digit of b(p)?
0
Suppose 24024 + 151564 = 14*n. What is the units digit of (-84)/(-588) + n/14 + 2?
8
Let x be ((-4)/6)/((-4)/426). Let u = -56 + x. What is the tens digit of (-3)/u - (4088/10)/(-4)?
0
Let k(g) = -g**3 + 5*g**2 + 7*g + 3. Let n be k(6). Suppose 8*o + 2640 = 5*w + n*o, -w - o + 532 = 0. What is the hundreds digit of w?
5
Let i(t) = t**3 + 4*t**2 - 4*t - 4. Let p be i(-5). Let o(w) = -w**3 - 9*w**2 - 3*w + 7. Let d be o(p). Suppose 11 = n - d. What is the units digit of n?
5
Let y = -362 - -368. Let t be -1 - 3/(9/(-4866)). Suppose 619 - t = -y*f. What is the hundreds digit of f?
1
Suppose -12*n = 2412 - 11616. Let o = n - 451. What is the hundreds digit of o?
3
Let u be 90/((6 + -5)*-1). Suppose -3*c = c - 544. Let n = c + u. What is the units digit of n?
6
Suppose 22*q + 1241 = 16267. What is the tens digit of q - (7 + 5)/2?
7
Suppose -7*z + 2*z = -4*m - 582, -z + 116 = -m. Let j be ((-2)/1*1)/(-1). Suppose -z + 14 = -j*r. What is the tens digit of r?
5
Let u be 16/(8 + -10) + 461. Let p = u + -354. What is the units digit of p?
9
Let q = -231 - -224. Let y(p) = 6*p**2 - 2*p - 2. What is the hundreds digit of y(q)?
3
Let i be (-1 + (3 + -2352)*4)/(-1). Suppose -i = -19*k - 2120. What is the units digit of k?
3
Suppose 2*c + 9588 = 2*z + 620, -5*z = -c - 22404. Suppose 12012 - z = 7*l. What is the units digit of l?
6
Let m = -261 - -259. What is the units digit of -1*m/4 + (-1863)/(-6)?
1
Suppose -4*a + 4*x + 16 = 0, 3*a - 5*x = 5*a - 1. Suppose -2*z = a*z + g - 2167, 4*z = 5*g + 1722. What is the units digit of z?
3
What is the units digit of -11 + (-2984)/(-20) - (4/(-5) - 0)?
9
Suppose -4*m = 3*x - 18, 0 = 2*x - 0*x - 5*m + 11. Let b(c) = -c**3 + 4*c**2 - c - 1. Let w be b(x). What is the tens digit of 8/10 - (-341)/w?
6
Let g(h) be the second derivative of -21*h**3/2 + 13*h. Let n be g(-8). Suppose 2*u + n = 8*u. What is the units digit of u?
4
What is the tens digit of -34 + 21808 + 3/(3*2/(-8))?
7
What is the thousands digit of (1/7 - (-1170334)/(-28))/(3/(-6))?
3
Let f(r) = -r - 18. Let m be f(-23). Let i be 72/15 + 1/m. Suppose -4*n + 76 = o, i*o + 6*n - 300 = 2*n. What is the units digit of o?
6
Suppose 5*z - 5*d + 2805 = 2*z, -3 = -d. Let a = z - -1370. What is the hundreds digit of a?
4
Let o(t) = t**3 - 5*t**2 - 11*t - 16. Let z be o(7). Suppose 1637 = z*c + 3*v, -3*v = -3*c - 4*v + 983. What is the units digit of c?
8
Suppose 0 = 10*t + 13*t + 46. What is the hundreds digit of (t - 678)/(-3*5/15)?
6
Let m = 4727 + -2594. Let h = -1442 + m. Suppose -b = -5*n + h, -2*b - 101 - 30 = -n. What is the hundreds digit of n?
1
Let t(p) be the third derivative of p**6/60 + p**5/60 - 5*p**4/24 + p**3/3 - 27*p**2. Let f(w) = 3*w**3. Let g be f(1). What is the tens digit of t(g)?
5
Suppose 2*q = 11*b + 4*q - 567203, -q = -b + 51558. What is the units digit of b?
3
Let p be (49 + -328)*(-2)/3. Suppose s = 409 + p. What is the hundreds digit of s?
5
Let m be ((-130)/(-52))/((-10)/(-24)). Suppose -m*z + 1280 + 1786 = 0. What is the tens digit of z?
1
Let q(m) = 213*m + 12. Let n be q(-3). Let d = -446 - n. What is the units digit of d?
1
Let z(h) = -h - 4. Let d be z(-1). Let o = d + 3. Suppose 2*w - 158 - 42 = o. What is the tens digit of w?
0
Suppose -3*z = -2*f - 5248, 3269 = -4*z + 5*f + 10257. What is the tens digit of z?
5
Let v = -402 + -42. Let k = v + 903. What is the hundreds digit of k?
4
Let n(k) = -1296*k - 5385. What is the units digit of n(-21)?
1
Suppose 2*p = -9*p - 6*p + 40698. What is the hundreds digit of p?
3
Suppose d + 108401 = -44*d + 1744961. What is the units digit of d?
8
Suppose 5*d = -4*o + 125, -2*o - 4*d + 58 = -0*o. Suppose 3*z + n - o = -z, -2*z - 5*n = -31. Suppose z*r - 422 = 66. What is the units digit of r?
1
Let i(n) = 9*n**3 + 10*n**2 + 2*n - 38. What is the hundreds digit of i(10)?
9
Suppose 3152 = 2*j - 19*t + 16*t, 14*j + 2*t = 22110. What is the units digit of j?
9
Suppose 262*c - 13363 = 239*c. Let w(u) = -u**3 + 2*u**2 + 3*u - 3. Let h be w(2). Suppose h*v + 4*v = c. What is the units digit of v?
3
Suppose -59*m + 13154 = -15343. What is the tens digit of m?
8
Let v be ((-73)/1 + 7)*(-14)/(-4). Let h = v + 450. What is the hundreds digit of h?
2
Let a(h) = h**3 + 7*h**2 - 7*h + 7. Let r be a(-7). Suppose f = -f + r. What is the units digit